110.
10
Calculate the highest common factor of 4777208 and 17119.
1007
Calculate the highest common divisor of 18801445 and 130.
65
Calculate the greatest common factor of 2390 and 46535690.
2390
What is the highest common divisor of 238434231 and 357?
357
What is the greatest common factor of 1084 and 2446859?
271
What is the highest common factor of 17253 and 4537053?
243
Calculate the greatest common factor of 6704621 and 1848.
77
What is the highest common divisor of 4301 and 1903066?
253
Calculate the greatest common factor of 98253 and 2495141.
1213
What is the greatest common divisor of 336 and 58260936?
24
What is the highest common divisor of 38341 and 257807?
23
Calculate the greatest common divisor of 6288672 and 688.
16
What is the greatest common factor of 66 and 45481458?
66
Calculate the greatest common divisor of 7400 and 2061080.
40
What is the greatest common divisor of 460941 and 624?
39
Calculate the highest common factor of 27523 and 5732879.
1619
What is the highest common divisor of 42227238 and 79?
79
Calculate the greatest common factor of 62098 and 1041392.
122
What is the highest common factor of 90865 and 97835?
85
Calculate the greatest common factor of 1868669 and 134387.
209
Calculate the greatest common divisor of 1197 and 1283733.
9
Calculate the highest common divisor of 693150 and 4800.
150
Calculate the greatest common divisor of 247 and 3641236.
19
Calculate the highest common factor of 16 and 311348816.
16
What is the greatest common factor of 170 and 7351973?
17
What is the greatest common divisor of 491906 and 832366?
1174
What is the greatest common divisor of 192 and 116643612?
12
What is the highest common divisor of 72 and 453346668?
36
What is the highest common factor of 1352 and 542489324?
676
Calculate the highest common divisor of 1391379902 and 44.
22
What is the greatest common divisor of 349094305 and 265?
265
What is the greatest common factor of 1514 and 4495823?
757
Calculate the highest common factor of 1384020 and 10711476.
8388
What is the greatest common factor of 2717 and 16213821?
247
What is the greatest common factor of 15402 and 9577779?
453
Calculate the greatest common divisor of 15 and 39731935.
5
Calculate the greatest common factor of 83190 and 439685.
235
Calculate the greatest common divisor of 1942470 and 113454.
3438
What is the highest common factor of 869 and 2812876?
11
Calculate the highest common divisor of 424214 and 67018.
14
What is the greatest common divisor of 14 and 308812?
14
What is the highest common divisor of 422645 and 40415?
685
Calculate the greatest common divisor of 103734177 and 724.
181
Calculate the highest common factor of 2018936 and 64930.
86
What is the highest common divisor of 13203866 and 442?
442
What is the greatest common divisor of 73524 and 31007076?
6684
Calculate the greatest common divisor of 350120766 and 1058.
1058
Calculate the highest common divisor of 23 and 4467842.
23
What is the highest common factor of 1768 and 3410914?
442
Calculate the highest common divisor of 113872 and 9504.
176
Calculate the highest common divisor of 371004725 and 35.
35
Calculate the greatest common factor of 7672113 and 171.
9
Calculate the greatest common factor of 33028 and 1904124.
92
What is the highest common divisor of 243285 and 1110585?
735
What is the greatest common divisor of 1323 and 1822947?
147
What is the highest common factor of 58884 and 4452?
84
What is the greatest common factor of 88197326 and 13132?
938
Calculate the greatest common divisor of 504 and 53902408.
56
What is the greatest common divisor of 195 and 34188765?
195
What is the highest common factor of 724 and 2613816?
4
What is the greatest common factor of 77004 and 162?
54
Calculate the highest common factor of 1054 and 220574734.
62
Calculate the highest common divisor of 2526 and 176437311.
1263
What is the highest common divisor of 11565112 and 1464?
488
What is the greatest common factor of 14823949 and 731?
731
What is the greatest common factor of 2683280 and 160?
80
Calculate the greatest common factor of 18881 and 269831.
239
What is the highest common factor of 1872 and 25587744?
624
Calculate the highest common factor of 3158246 and 1340.
134
Calculate the highest common factor of 2318827 and 213593.
1279
Calculate the greatest common factor of 77733380 and 19900.
3980
What is the highest common factor of 342 and 110665614?
114
Calculate the greatest common factor of 2185 and 17047715.
115
Calculate the greatest common factor of 14099 and 4136.
1
What is the greatest common divisor of 8042567 and 247?
247
What is the greatest common divisor of 2137432 and 15664?
88
What is the highest common divisor of 2021 and 292246?
47
What is the greatest common divisor of 46693 and 27177969?
881
Calculate the highest common divisor of 9622896 and 658296.
5352
What is the greatest common divisor of 27 and 131946363?
9
What is the greatest common divisor of 781410 and 33306?
2562
Calculate the greatest common divisor of 158826 and 80340.
618
What is the greatest common divisor of 731120 and 10610379?
9139
Calculate the highest common factor of 14 and 234883579.
7
Calculate the highest common divisor of 3374 and 461902.
14
Calculate the greatest common divisor of 21664665 and 76187.
1621
What is the greatest common divisor of 34 and 376682906?
34
Calculate the highest common divisor of 827 and 30767708.
827
Calculate the greatest common divisor of 29108 and 16093.
19
What is the greatest common divisor of 279749 and 25047?
23
What is the highest common divisor of 577 and 844810511?
577
Calculate the highest common factor of 119886 and 6340386.
2262
Calculate the highest common divisor of 99520194 and 687.
687
What is the greatest common factor of 64712 and 3864?
8
What is the greatest common divisor of 270 and 12636210?
30
Calculate the greatest common factor of 627 and 1539978.
33
What is the highest common factor of 4042974 and 11934?
1326
What is the highest common factor of 235 and 1911405?
5
What is the highest common factor of 339658 and 3146?
22
What is the highest common divisor of 14126218 and 68?
34
What is the greatest common factor of 1786 and 2761745?
19
Calculate the highest common factor of 1979 and 487394057.
1979
What is the highest common divisor of 86872095 and 75?
15
Calculate the highest common divisor of 9779 and 9493.
11
What is the highest common divisor of 9132 and 186642860?
3044
Calculate the highest common factor of 17857 and 1211.
7
What is the greatest common factor of 58887 and 44631?
81
What is the highest common factor of 161881677 and 141?
141
What is the greatest common factor of 2897990 and 6?
2
Calculate the greatest common divisor of 123271 and 339421.
131
What is the greatest common divisor of 3506927952 and 176?
176
Calculate the greatest common divisor of 9409044 and 432.
12
What is the greatest common factor of 36 and 1084299912?
36
Calculate the greatest common divisor of 16878730 and 50.
10
Calculate the greatest common divisor of 14077 and 8126451.
2011
What is the highest common factor of 591 and 28179865?
197
Calculate the greatest common factor of 145416348 and 66.
66
Calculate the highest common divisor of 18537012 and 1404.
1404
Calculate the highest common divisor of 2896 and 12112701.
181
Calculate the highest common divisor of 22873 and 34701682.
257
What is the highest common divisor of 20452055 and 590?
295
Calculate the highest common factor of 4355 and 8656400.
335
What is the highest common divisor of 18089410 and 30?
10
What is the highest common factor of 84338461 and 67?
67
What is the greatest common divisor of 1135737 and 214173?
477
Calculate the highest common divisor of 36 and 27480258.
18
Calculate the highest common divisor of 52675362 and 1004.
502
Calculate the highest common factor of 1170286 and 14950.
598
What is the highest common factor of 4671 and 1080?
27
What is the greatest common divisor of 64755 and 1440?
45
Calculate the greatest common divisor of 23211092 and 48.
4
Calculate the highest common divisor of 754820 and 2310.
110
What is the highest common divisor of 1470301 and 23247?
287
Calculate the highest common factor of 367461736 and 3152.
1576
Calculate the highest common divisor of